62 + -6 - 24 - -20)
-52
What is the value of 1 - (-14 + 28 + 0 + (3 - 17))?
1
Evaluate 15 + (7 - 6) + 59 + 4 + -5 + 11.
85
What is -107 + 97 + -2 + 49 + (4 - 2) + -9?
30
(6 - (77 - 12)) + 108
49
Calculate -32 + 1 + (-23 + 11 - (-17 + -12)).
-14
What is the value of (24 - 58 - 45) + 56?
-23
What is the value of 126 + 1 + -14389 + 14296?
34
What is the value of 2 - (0 + (5 - 2)) - -8 - 2?
5
(-11 + 3 - -6) + -4 + -28 + 3
-31
Evaluate -14 + (-18 - -16) + -2 + -5 + -2 + -3.
-28
What is the value of 14 - 10 - (67 - (17 - 22))?
-68
-1 + 12 + -51 + 33 + 2 + 16
11
What is the value of -235 - (-202 + (116 - 33))?
-116
Evaluate 34 + (-40 + (-10 - -86) - 61).
9
What is (3 - -4 - 10 - -18) + (-68 - 10)?
-63
Evaluate -78 + 53 - 9 - -62.
28
Evaluate (17 + -3 - 32) + 43 + 88.
113
(-15 - 0 - (-5 + -1)) + (-28 - (-126 - 35))
124
What is 83 - 92 - (11 + -5 - 4) - 65?
-76
What is 16 - (-4 - (36 + 16 + -10) - 6)?
68
What is the value of 89 - (23 - -109 - 17)?
-26
Calculate 1 + -15 + (-2 - 1 - (1389 - 1347)).
-59
(3 + (10 + -7 - -9) - (15 + -15)) + -124
-109
What is the value of (-2798 - -2870) + 15 + 1?
88
Evaluate 39 + (-30 - 3) + -3.
3
Calculate -7 + (35 - -2 - -1) + (1744 - 1758).
17
What is (16 - (-6 - -12) - -23) + (-52 - -29)?
10
(-274 - -257) + 2 + 19 - 29
-25
Calculate -76 + (-45 - -102) + -39.
-58
What is 32 - 71 - (-56 + -7)?
24
Evaluate (-11 - ((6 - 0) + 6)) + (8 - 18).
-33
What is -31 + -14 + (-2 + 21 - (9 - 6))?
-29
What is the value of 19 - (-15 + -12 + (9 - -5) - -1)?
31
Calculate 13 - -27 - (-29 + 51).
18
What is the value of (16 - (28 + (-1 - -13))) + -12 + -4?
-40
Calculate -5 + 53 + -6 - (271 + -259).
30
What is (0 - (0 - 2)) + -11 + (-13100 - -13151)?
42
What is the value of (-12 - -52 - -3) + -18 + 3 + 0?
28
What is the value of (-18 - -62) + (-71 - -70)?
43
What is the value of (-27 - 0) + -6 - (1 - 6) - 8?
-36
-16 - -6 - ((-5 - 3) + -18 - -1)
15
What is (0 + -17 - (2 - 2 - 11)) + 30?
24
What is the value of 22 - ((-6 - 31) + 56)?
3
What is the value of 38 - -13 - 50 - -18?
19
Calculate -15 + (5 + -8 - -11) + 1 + (-5 - -2).
-9
46 + (3 - -16 - (-2 - 0)) + -3
64
What is the value of 84 - (-96 - -36 - -182)?
-38
Calculate 24 + 4 + 7 + -2 + -14 + -14.
5
What is the value of (-65 - -3) + 4 + (-23 + 33 - -3)?
-45
What is the value of (999 - 1001 - (-37 + -1)) + 9?
45
What is the value of (-10 + 16 - 4) + -13 - 17?
-28
Calculate 14 + (-2 + 1 + -12 - 0).
1
What is the value of -1 + 2 + -2 - (-6 - (2 - 22))?
-15
Evaluate 41 - (12 + (-2 - -2) - (-383 - -402) - -4).
44
-4 + -4 + 35 + -20 - (-13 - 1)
21
18 + -145 + 63 + 94
30
Calculate (-11 - 1) + (168 - 154) - (-40 - 8).
50
Calculate 270 - 236 - (-11 + -1 + 5).
41
-4 - -52 - (46 + -46)
48
Evaluate -3 - -12 - -3 - (-3 + -48 - (9 + 5)).
77
60 + 8 - 26 - -2
44
What is (29 - 13) + -91 - -3 - (-12 + 5)?
-65
What is the value of 2 + (17 - (12 + -16 + 26 + -8))?
5
What is the value of (96 - 12) + (-2 - -5) + 3 + (143 - 155)?
78
What is 1 - -27 - -1 - (-13316 + 13285)?
60
Evaluate 40 - (-2 + 3 + 12 - (-531 + 544)).
40
-1 - 191 - (-95 - (139 + -185))
-143
11 - (-32 + 21 + 58)
-36
What is the value of -2 - (12 + -1) - (1553 - 1534)?
-32
What is 1 + -5 + 2 - ((-16 + -2 - -7) + 4)?
5
What is -97 + (4 - -1) + (-69 - -87)?
-74
(4 - -2 - -3) + -8 + -11 - -16 - -68
74
-21 + (7 - (-20 - -1))
5
-7 - (-62 - -21 - (-16 - 8)) - 117
-107
What is (14 - 13) + -3 + (-3 - -11) + -6 + 10?
10
Evaluate (1 - -74) + 5 - (-2 - (-9 + -15 + 8)).
66
Evaluate 6 - ((-29 - -20 - -10) + -21).
26
What is the value of (-34 - -5) + 72 - 61?
-18
What is 1 + -69 - (47 + -42 + -32)?
-41
Calculate (-17 - (-4 + -3) - (3 + -16)) + (-68 - -24).
-41
What is 12 + -9 + (124 + -192 - (3 - 10))?
-58
Evaluate -79 - (-14 + 27 + (-5 - 12)).
-75
Evaluate 5 + 24 + -22 - (-13 + 33 - -2).
-15
What is the value of (8 - (2 + -5)) + 25 + -46?
-10
What is the value of (75 - 118) + 34 - (-1 + -5) - -10?
7
Evaluate -45 + (51 - 69) - -77.
14
Calculate -41 + -4 - (14 + 3) - -18.
-44
15 + (-106 - -20) + 22 + (14 - 1)
-36
What is the value of (379 - 407) + (6 - 5) + -3 + -10?
-40
3 - (3 + -2) - (146 - 153) - 7 - 5
-3
Calculate 16 + -4 + -151 + 88.
-51
Evaluate 3311 + -3321 - (3 - (-2 - -17)).
2
Evaluate -2 - (0 - 2 - (152 - 192)) - 5.
-45
-21 + (-5 - 15) + 65 - 41
-17
Calculate (35 - (-35 - 27)) + -144.
-47
Calculate (-80 - -50 - (-21 - -1)) + 49.
39
Calculate -45 + (41 - 64) + 34.
-34
Evaluate 10 + (-2 - -21 - -58 - (-3 + -18)).
108
Evaluate 2 + -23 + 11 + -11 + (-2 - -13) + -43.
-53
Calculate -202 + 63 + 1 + 162.
24
Calculate (29 - 50) + (-2 - (1 - -4)) - -12.
-16
7 + -44 + (-37 - 14)
-88
Calculate -91 - (-39 - (-16 + 53)).
-15
Evaluate 1 - -6 - (-24 - (-52 - (-48 - -29))).
-2
Evaluate -7 - -2 - (-1 - 7) - (8 + -4).
-1
What is the value of 52 + 7 + 4 + -12 + -4 + (3 - -17)?
67
What is the value of 0 - 11 - (19 + -24 - (43 + -39))?
-2
Calculate (-1 + (15 - (9 - -20)) - -5) + (127 - -8).
125
What is 3 + 0 + 1 + 0 + -90 + 37 + 69?
20
-18 - (-21 - -35 - 43)
11
Calculate 15 + 1 - 76 - -8.
-52
1 + 2 + -2 - 11 - (17 - (-15 + 25))
-17
What is -145 - (11 - 151) - 92?
-97
What is the value of 37 + (180 - 168) + (-33 - 0)?
16
What is the value of 30 - (-31 - (-60 + -43))?
-42
Evaluate (-2144 - -2123) + (23 - (-5 + 6)).
1
29 + -8 - (-6 - -6) - 26 - (61 + 0)
-66
Calculate (1727 - 1804) + 123 + -9.
37
Calculate -1 + -3 + 0 + (4 - 9).
-9
What is (-16 - -36) + -22 + 0 + (0 + -1 - -36)?
33
What is the value of 22 + -2 + (-14 - (-9 + -28))?
43
What is (14 - -3) + (-21 - 33) - -19?
-18
What is the value of 2 + 63 - (-12 + (-7 - -33 - -1))?
50
What is 72 + -3 + 18 + -18 + -2 + 5 + 5?
77
Evaluate -14 - (-8 - (-4 - -4) - (-10 - -4)) - 12.
-24
Calculate (9 + -34 - -11) + 22 - 18.
-10
(3 - 11 - 2 - 14) + (6 - 6)
-24
Calculate 44 - (-48 + -43) - 49 - (-13 - (2 + -1)).
100
What is the value of (-13 + 23 + -32 - -15) + -2?
-9
Calculate -45 - (-21 + 43) - -26.
-41
What is the value of (-2 - -60) + 5 + 14 + -26 + 4?
55
What is 0 + -66 - (375 - 469)?
28
Evaluate 14 + -1 - (-3 - 151 - -178).
-11
What is the value of (39 - 52) + (4 + -2 - -33) - -1?
23
What is -54 + -55 - -94 - (2 + 37)?
-54
Evaluate -15 + -59 - (262 + -278).
-58
7237 - 7148 - (40 + -2)
51
16 + -7 + -2 - -1 - (49 + 3)
-44
23 + 1 - (82 - 166 - -52)
56
Evaluate 45 - (31 + -13 + -12).
39
What is the value of (-15 - -2) + 69 + -10 - -16?
62
What is (-2 - (44 + -17 - 19)) + -6 + -9 + 6?
-19
Calculate (-26 - -8) + (-969 - -1051).
64
What is -8 - ((4 - -2) + -17 - (-2 + 3 + -38))?
-34
What is (1 + -12 - (4 + (-5 - 10) + 11)) + -34?
-45
Calculate (6 + 2 - 11) + 12 + (16 - 3) - 4.
18
What is (-5 - -7 - -8 - 14) + -23?
-27
What is the value of -4 + (0 - -9 - (163 + -125))?
-33
Calculate -8 - 7 - (3 + 2 + (20 - 10 - 18)).
-12
Evaluate (2 - -15) + (-29 - (16 - -11 - 21)).
-18
What is -24 - (43 - 26 - 34) - (89 - -8)?
-104
(-10 - 1 - (-1095 - -1169)) + 2
-83
Evaluate (78 + -74 - 74) + -8.
-78
0 - -48 - ((-54 - (-69 + 38)) + 34)
37
What is the value of -78 + (13 - (7 - -9)) - (13 + 2)?
-96
What is -72 + 101 + (-98 - -11)?
-58
What is the value of (23 - (-8 - -13) - 12) + -5 + 9?
10
Evaluate 24 - 17 - 26 - (-15 - -81).
-85
What is the value of -14 - (10 + (-17 - -7) + -14 - -6) - 90?
-96
What is the value of 48 + -14 + -1 + -17?
16
What is 14 + (60 - 24) + 30 + -4?
76
What is (8 - -6) + (-13 - 1) - (55 - -9 - 4)?
-60
Calculate 27 + (20 - 3) + 45 + -53 + -2 + 0.
34
What is the value of -819 + 811 + (52 - 3 - 3)?
38
Evaluate 19 + (-11 - -9) + -5 + (-24 - -39).
27
What is 13 + 101 + 3 - 203?
-86
3 + -16 + (0 - -1) + 9 - 29
-32
What is the value of 77 + 15 + (-20 - 0)?
72
Calculate 3 + (-41 - -26 - -67) - (21 - 1).
35
Calculate 17 - (3 - ((26 - 106) + 3)).
-63
What is the value of -118 + 74 + 45 + 4?
5
(14 - -1) + (-1005 - -969)
-21
Evaluate -20 + 12 + -27 + 29.
-6
What is the value of -95 + -1 + (42 - 0) + -50 + -2 + 1?
-105
What is the value of (2 + 0 - (-2 - -21)) + (-409 - -418) - -42?
34
What is 63 - (-35 + (46 - -11))?
41
Evaluate 85 - (6 + 88 + -86).
77
34 - (-73 - (-77 - 28))
2
48 - (-16 + 24) - ((2 - 3) + 10)
31
(-5 - (-41 - -8)) + (2296 - 2402)
-78
Calculate 60 - (69 + (-23 - 2)).
16
What is the value of -39 - (-102 + (-23 - -55))?
31
Evaluate 44 + (-26 - 31 - 25).
-38
Evaluate (-35 - (18 + -8 + 21)) + (1 - 0) + 12.
-53
Calculate (1337 - 1